2*m - 2*t, 4*m - u = 4*t. What is the hundreds digit of m?
1
Let t(n) = 3*n**2 - 17*n - 36. Let a be t(21). Suppose -5*c = -5*f - 4*c + 945, -4*c - a = -5*f. Suppose -32*x + 31*x = -f. What is the tens digit of x?
9
Let y = -686 - -1801. Let l = y - 602. What is the hundreds digit of l?
5
Let p(d) = 35*d - 6. Suppose 5*g + 3*x - 64 = 0, 5*g = -2*x + 90 - 24. What is the tens digit of p(g)?
8
Suppose n - 17657 = 3*o, -5*n + 4*o + 147194 - 58920 = 0. What is the units digit of n?
4
Suppose -31*n - 5*b = -29*n - 33072, 3*n - 2*b = 49684. What is the thousands digit of n?
6
Let n(r) = 17*r + 1271. What is the units digit of n(31)?
8
Suppose 2*h = -i + 458 + 1070, 0 = 2*h + 3*i - 1516. What is the tens digit of h?
6
Let x(s) = 56*s**2 + 5*s - 9. Suppose -4*l + 6 = 2*q, 3*l - q - 9 = -l. Let g be x(l). Suppose -2*n = g - 609. What is the tens digit of n?
9
Let f be 21/(126/(-12) - -12). Suppose -u + 0*u + 8 = 0. Suppose -u*t = -f*t + 996. What is the tens digit of t?
6
Suppose -6*f + 2970 = -4*f. Suppose 3*m + 3*g - f = 0, 2*g + 1582 = 3*m + 117. What is the hundreds digit of m?
4
Let o(h) = 7*h**2 - h - 3. Suppose 5*a - 3*y - 20 = 0, 17 = 3*a - 3*y + 11. What is the hundreds digit of o(a)?
3
Suppose 5*k - 9 = 4*k. Suppose 2*b + 7 = -m + 9, -3*m + 2*b + 22 = 0. Suppose -h + 67 = m*t - t, k = -3*t. What is the units digit of h?
2
Let t(h) = 290*h**3 - 7*h**2 + 116*h - 320. What is the ten thousands digit of t(4)?
1
Suppose q = 3*u + 24541, -42*q = -45*q + 4*u + 73613. What is the hundreds digit of q?
5
Let x(d) = d**2 - 17*d - 16. Let b be x(18). Suppose 5*h - 335 = 5*v, -3*v + 99 = 2*h + b*v. What is the units digit of h?
2
Let k(c) = -77*c - 1701. What is the hundreds digit of k(-51)?
2
Let v be (-7 - 2)*1/(-3). Suppose -2*i = v*n - 1056, 2*i - 3*i + 3*n = -519. What is the hundreds digit of i?
5
Let q(f) = 3*f**2 - 12*f - 1. Let z be q(5). Suppose 4 + z = 2*u. Suppose 0 = u*h - 151 - 389. What is the units digit of h?
0
Suppose 12*v - 61621 - 13583 = 0. What is the hundreds digit of v?
2
Let j be -1403*(-5 + (4 - 0)). Suppose -12*t = j - 6719. Suppose -3*a = 15, 3*r + 5*a + 0*a = t. What is the tens digit of r?
5
Let h(s) = 171*s**2 - 183*s + 3132. What is the ten thousands digit of h(16)?
4
Let x(k) = -k**2 - 21*k - 100. Let u be x(-10). What is the tens digit of (1294/u)/((-71)/(-355))?
4
Let s = -537 - -539. Suppose -5*w + 5441 = -3*b - b, 0 = s*w + 2*b - 2180. What is the tens digit of w?
8
Suppose 3*g = 0, 2615 = -5*p - g - 0*g. Let o = 1225 + p. What is the tens digit of o?
0
Let k(w) = 466*w - 472. What is the tens digit of k(16)?
8
Let b = -3 - -3. Let p = -188 + 216. Suppose -v + p + 57 = b. What is the tens digit of v?
8
Let y(a) = -4*a + 52. Let k be y(10). What is the hundreds digit of 3/(-30)*-7074 - k/(-20)?
7
Let n = -38968 + 75239. What is the tens digit of n?
7
Let g(p) = p**3 + 14*p**2 + 4*p + 5. Let n be g(-14). Let u = n - -51. Suppose 296 = 4*t - 4*w, 2*t - 3*w - w - 152 = u. What is the tens digit of t?
7
Let j = 1417 + -376. What is the hundreds digit of j + -8 + 119/7?
0
Suppose -2*i = 89*j - 90*j + 11, -6 = -2*i. Suppose -d + j = 12, -4*d = -4*a + 3596. What is the hundreds digit of a?
9
Let j(o) = 6*o**2 + 110*o + 25. What is the thousands digit of j(-71)?
2
Let x be (3 - 0) + (1 - 2/(-2)). Suppose 2 = -o, 2*t - 5 = -3*t - x*o. Suppose 0*p - 2*s - t = -3*p, -3*s = -4*p + 4. What is the units digit of p?
1
Let z = -528 + 532. Suppose 2*d + 0*j + 3*j - 377 = 0, z*j = 4. What is the hundreds digit of d?
1
Suppose -49097 = 12*s - 0*s - 194837. What is the hundreds digit of s?
1
Suppose 0 = -21*w + 9*w + 48. Suppose -3*m - w*b + 224 = -272, 0 = 2*m + 4*b - 332. What is the tens digit of m?
6
Suppose -144*z - 141*z + 302*z - 72454 = 0. What is the thousands digit of z?
4
Suppose 3*h = 2*t - 8477, t = 2*h + 3741 + 498. What is the units digit of t?
7
Let d(l) be the second derivative of 7*l**4 - 10*l**3/3 - 9*l**2/2 - 260*l. What is the units digit of d(-3)?
7
Let c = -6018 + 6085. What is the units digit of c?
7
Let f be (-5 + (-2247)/14)*2. Let b = f - -581. What is the tens digit of b?
5
Suppose 23 + 4 = 9*i. Let b(u) = 2*u**3 + u**2 + 3*u + 1. Let n be b(3). Suppose i*z + n = 2*s, 40 = s + z + 6. What is the units digit of s?
5
Suppose -793*r + 796*r - 5*c - 15454 = 0, 4*c = 2*r - 10300. What is the units digit of r?
8
Suppose 0 = -2*s + s - 26. Let a = 33 + s. Let h(d) = 28*d - 28. What is the hundreds digit of h(a)?
1
Let k(l) = -111*l - 6208. What is the tens digit of k(-146)?
9
Let j = -13149 - -26379. What is the tens digit of j?
3
Suppose 0 = -17*u + 16*u - 84. Let a be (198/77)/(1/u). Let s = 332 + a. What is the hundreds digit of s?
1
Suppose -6*m + m + 15 = 0, -2*r = m + 15. Let g be (-1203)/r - 2/(-6). Let p = g - 59. What is the units digit of p?
5
Let n be (-2 + 3)/((16/1900)/4). Let y = n + -244. Suppose 7*t - y = 1176. What is the hundreds digit of t?
2
Suppose -3*k = 3*z - 12, k - 4*z = 3*k - 12. Suppose -y = 5*j + 195 - 634, 171 = k*j + 5*y. Let n = j - 35. What is the tens digit of n?
5
Let x(m) = 110*m**3 - 8*m**2 + 45*m - 28. What is the units digit of x(7)?
5
Suppose -4*z = z - 405. Let x = z - 17. Suppose -b + 24 + x = 0. What is the units digit of b?
8
Let v(u) = 10 - 7*u + 2*u**2 - 1 - 2. Let t be v(3). What is the tens digit of 2 + (64/1)/t?
1
Let j be (-570)/(-4) + ((-24)/16 - 0). Suppose 6 = 3*v - 2*m - 17, 0 = -4*v + 4*m + 36. Suppose -2*n = -v*n + j. What is the units digit of n?
7
What is the tens digit of 211807/13 + (-50)/(-325)?
9
Let z(v) = 5*v - 55. Let k be z(11). Let l(x) = -x**3 + x**2 - x + 111. What is the units digit of l(k)?
1
Suppose 7*l - 261580 = -5*l + 182288. What is the hundreds digit of l?
9
Suppose 0 = 6*f + 145 - 517. Suppose 0 = f*c - 20*c - 23520. What is the hundreds digit of c?
5
Suppose 358459 = 204*a - 403956 - 38285. What is the units digit of a?
5
Suppose y = 4*g - 557, -7*y + 4*y = -4*g + 567. Let v = g + 1221. What is the tens digit of v?
5
Let h = -156 - -179. Let v(y) = -y**2 + 24*y + 69. What is the tens digit of v(h)?
9
Suppose 11*g + 3*h + 6 = 8*g, 8 = -5*g - 4*h. Suppose 6*l - 376 + 94 = g. What is the tens digit of l?
4
Let q(t) = 7*t - 12. Let b be q(2). Suppose b*i = 784 + 276. What is the tens digit of i?
3
Let u = -1103 - -1702. Let q = u + 59. What is the hundreds digit of q?
6
Let h(m) = -2113*m + 4002. What is the thousands digit of h(-31)?
9
Suppose 0 = 5*s + 115 - 120. Let c be 4/(-1) - (0 + -13 + s). Suppose 3*d - 7 = -i + 9, 0 = 2*d - 4*i + c. What is the units digit of d?
4
Let j = -101645 + 175745. What is the tens digit of j?
0
Suppose 4*f + 14 = 5*z, -12 = -13*z + 9*z + 3*f. Suppose -4*y + z*k + 5312 = 11*k, -k = 2*y - 2656. What is the hundreds digit of y?
3
Suppose 4*u + 13 = -z + 68, 3*z + 3 = 0. Suppose -s + 11 = -c + 3*c, s + 5*c - u = 0. Suppose s*v - 1276 = -187. What is the units digit of v?
1
Let u(n) be the third derivative of n**4/6 + 5*n**3 + 238*n**2. Suppose -30 = -3*j + z, -5*j + 45 + 15 = -5*z. What is the tens digit of u(j)?
6
Let x(m) = -60 + 15 + 16 + 4*m**2 + 7*m + 0*m**2. Let n be x(4). Suppose -2*b = -0*h - 4*h + 166, 3*b = -2*h + n. What is the units digit of h?
9
Suppose 0 = -42*y + 67*y - 2341950. What is the tens digit of y?
7
Suppose -r - 3 = 5*l, -r + 5 = -5*l + 6*l. Suppose 0 = r*h - 402 + 45. What is the tens digit of h?
5
What is the units digit of ((-39505)/140*-7)/(3/12)?
1
Let h = -5 + 598. Suppose -8*v = -1441 + h. What is the hundreds digit of v?
1
Suppose -w = -3*l - 79, -6*w + 113 = -4*w + 3*l. Suppose 2*c - 4*r - 582 = 0, -68*r + 606 = 2*c - w*r. What is the hundreds digit of c?
2
Let k = -895 - 5015. What is the thousands digit of (87/145)/(2/k*-1)?
1
Suppose 5*f - 5*n = 183525, -2*n = 5*f + 42122 - 225696. What is the hundreds digit of f?
7
Let b(u) = -14*u**2 + 15*u - 30. Suppose 21*z - 22*z - 7 = 0. Let p(s) = 28*s**2 - 32*s + 61. Let x(n) = z*b(n) - 3*p(n). What is the tens digit of x(4)?
1
Suppose 5*o = 5*c - 675, -4*c - 5*o = c - 635. Let m = 179 - c. What is the units digit of m?
8
Let d(u) = -u**3 - 13*u**2 - 2*u + 14. Suppose 2*q + 2 + 6 = -2*h, 5*h + 32 = q. Let s be d(h). Let c = s - -436. What is the tens digit of c?
1
Let x be (0 + -214)/(-5*(-28)/(-70)). Suppose -4*d + 5*y + 137 = 0, -4